 the remainder when 0/(s/3) - -31 is divided by (-1 - 3)/4 + (1 - -11)?
9
Let w = 18 - 10. Let k = w + -7. Suppose -3*t + 14 = -4*g - k, 0 = -3*t - g + 30. What is the remainder when 33 is divided by t?
6
Let z(y) = -y**2 + 13*y + 12. Let w(k) = -k**2 - 15*k - 13. Let l be w(-13). Calculate the remainder when 47 is divided by z(l).
11
Let n = 49 - -45. Let y(m) = 18*m**2 + 2*m - 1. What is the remainder when n is divided by y(1)?
18
Let z = -216 + 268. What is the remainder when 153 is divided by z?
49
Let m(n) = -53*n - 107. What is the remainder when 673 is divided by m(-3)?
49
Let z(t) = -t**2 - t. Let a(g) = -g**3 + 5*g**2 + g - 7. Let j(p) = a(p) + 4*z(p). Calculate the remainder when 53 is divided by j(-2).
9
Let t(o) = -7 - 5*o - o**2 + 2 + 1. Let l = 230 + -233. Calculate the remainder when 6 is divided by t(l).
0
Suppose -2*g = -g - 8. Suppose g = -3*k + 26. Suppose 2*q - k*q + 92 = 0. Calculate the remainder when q is divided by 12.
11
What is the remainder when 116 is divided by ((-744)/(-54))/(2/9)?
54
Let u(x) = x**3 - 5*x**2 + 7*x - 6. Suppose -2*j + 14 = i, 50 = 2*i - j + 7. Suppose i = 3*r + 2*r. Calculate the remainder when u(r) is divided by 4.
2
Let c(g) be the third derivative of -g**5/60 - 7*g**4/12 - g**3/3 - 2*g**2. Calculate the remainder when c(-11) is divided by 11.
9
Let v(d) = d**2 + 6*d + 21. Let j be -12 + 9 + (-10)/((-3)/3). Suppose h + 4*h = -3*s + 110, 3*s = 2*h - 23. Calculate the remainder when v(j) is divided by h.
17
Let j = -8 + 20. Suppose -178*x = -177*x + 90. What is the remainder when j is divided by (x/75)/(9/(-60))?
4
Let u be 75 - (0/(-2))/(-1). Suppose -2*h - 3*h = -u. Let q(l) = -15*l - 356. Calculate the remainder when h is divided by q(-24).
3
Let x(f) = -f**3 - 3*f + 10. Calculate the remainder when x(-6) is divided by 57.
16
Let c(k) = 6*k**3 - 2*k**2 - 4. Let a be 1/(25/40) + 4/10. What is the remainder when c(a) is divided by 10?
6
Suppose -292 = -5*z + 4*h + 249, 5*h = -20. Let g = z + -168. Let y = g + 112. Calculate the remainder when y is divided by 25.
24
Let o(f) = -3*f**2 - 88*f - 36. Calculate the remainder when o(-28) is divided by 26.
24
Let h be (-76)/20 - 1/5. Let x = h + 6. Calculate the remainder when 3/(-4 + 69/15) is divided by x.
1
Suppose -4 = -3*q + 5. Suppose -5*a - 30 = -5*d + 5, 2*a + 24 = q*d. Let o(p) = 5*p - 17. What is the remainder when o(11) is divided by d?
8
Suppose 0*f - 21*f + 1848 = 0. What is the remainder when f is divided by 15?
13
Suppose 5*b = -g + 17 + 132, 4*g + 64 = 2*b. Calculate the remainder when 115/1 + -2 - -3 is divided by b.
26
Let s(w) be the second derivative of w**4/12 + 3*w**3 - 19*w**2/2 - 11*w. Calculate the remainder when 102 is divided by s(-20).
18
Let d(q) = q**3 + 5*q**2 + 4*q. Let w be d(-4). Suppose 0 = -f + 5*a - w*a + 50, -2*f + a = -55. Let z = f + -13. What is the remainder when 23 is divided by z?
11
Suppose 12*p = 5*p + 756. What is the remainder when p is divided by 19?
13
Suppose -b + c = -198, -3*b = -7*c + 3*c - 596. What is the remainder when b is divided by 4?
0
Let x be 114/16 - (-6 - -3)/(-24). Let b = 52 - x. What is the remainder when b is divided by 16?
13
Suppose -3*l + 131 + 115 = 0. Let i(f) = 12*f + 12*f**2 - f**3 - 4 + 0 - 5*f**2. Calculate the remainder when l is divided by i(8).
26
Let v(n) = n**2 + 12*n - 4. Let i(d) = -2*d**2 - 12*d + 3. Let b(q) = 2*i(q) + 3*v(q). Calculate the remainder when 88 is divided by b(6).
28
Calculate the remainder when 15 is divided by (-6)/33 + (-690)/(-165).
3
Let y = -181 + 207. What is the remainder when 56 is divided by y?
4
Suppose -2*l + 5*q = 2*l - 133, 0 = -3*q - 15. Let h be (-2)/(-11) - (-634)/22. Suppose h*b = 26*b + 45. What is the remainder when l is divided by b?
12
Suppose 2*l - 35 = -r, -3*r + l + 3*l + 125 = 0. Calculate the remainder when r is divided by 12.
3
Suppose -d - 67 = -2*p, 2*p + 104 = 5*p - 5*d. Let k = 209 + -191. What is the remainder when p is divided by k?
15
Suppose 4*v + 16 = 0, -a - 5*v - 124 = -5*a. Let y = a + -17. Suppose -5*x + 54 + 30 = -j, -4*x = -5*j - 63. What is the remainder when x is divided by y?
8
Let q(r) = -13*r - 7. Let p be q(-12). Suppose -2*o - 2*o = -4. Suppose 0 = -2*n - o + p. Calculate the remainder when n is divided by 25.
24
Let v(s) = -s**2 + 4*s + 1. Suppose 0 = 2*r + 3*u + 6, r - 15 = -2*u + 5*u. Let w be v(r). Calculate the remainder when 48 is divided by ((-17)/w)/((-1)/4).
14
What is the remainder when (3870/(-344))/(6/(-32)) is divided by 18?
6
Suppose 3*p + 54 = 5*o - 78, 4*o - 3*p = 105. Let i be 64 - (18/3)/(-2 - -4). Let z = 71 - i. Calculate the remainder when o is divided by z.
7
Let b be (2/3)/((-2)/(-18)). Suppose 0 = -b*g + 75 + 369. What is the remainder when g is divided by 26?
22
Let g(n) = -69*n**3 + n**2 - n - 2. Calculate the remainder when g(-1) is divided by 43.
26
Let q be (-3)/(18/(-4)) - (-64)/(-6). What is the remainder when 79 is divided by (q - 0)/(2 + (0 - 3))?
9
Suppose 44 = 3*r - 79. Let w(n) = n**3 + 7*n**2 - 3*n - 14. What is the remainder when r is divided by w(-7)?
6
Suppose 0 = -3*l - l - 3*f + 216, 0 = -5*l - 5*f + 270. Calculate the remainder when 322 is divided by l.
52
What is the remainder when ((-1253)/(-91) - 8)*13 is divided by (2/(-5))/(2/(-50))?
5
Let t(r) = 22*r - 290. Calculate the remainder when t(14) is divided by 12.
6
Suppose -10*y + 5*y = -670. Suppose y + 19 = 9*b. What is the remainder when b is divided by 4?
1
Suppose 2*z - 370 = -n, -3*n + n = 8. Let w = -133 + z. Suppose 3*d + 2*r - 20 = -3*r, 2*r + w = 5*d. Calculate the remainder when 37 is divided by d.
7
Let h(k) = 61*k**2 - 4 - 1 - 3*k + 4 - 1. Calculate the remainder when h(-1) is divided by 220/14 + (-2)/(-7).
14
Suppose -77 - 112 = -3*b. Let a = -343 - -464. What is the remainder when a is divided by b?
58
Suppose -2*a + 14 - 8 = 0. Let q = -11 + a. Calculate the remainder when 3 is divided by (q/(-2))/4 + 2.
0
Suppose -7*b + 2*b = -15. Suppose -3*s = -5*h + 62, 3*h = -s - b*s + 43. Calculate the remainder when 24 is divided by h.
11
Suppose 14 = -5*b + 9*b + h, b - 2*h = -1. Calculate the remainder when 21 is divided by b.
0
Suppose 0 = 2*s - 2 - 26. Suppose -6*q + 12*q = 18. Suppose 4*o - 22 = q*g, -5*o + 4*g = 3*g - 22. Calculate the remainder when s is divided by o.
2
Suppose 0 = 2*h - 2*c - 88, -h + 12*c + 38 = 14*c. Calculate the remainder when 125 is divided by h.
41
Calculate the remainder when (1 + -1 + 399)*(-749)/(-2247) is divided by 18.
7
Let a(d) = d**2 + 6*d - 4. Let s be a(-9). Suppose -2*u = -6*u - 72. Let q = u + s. What is the remainder when 17 is divided by q?
2
Suppose -21 + 105 = -3*n. Let g = n + 33. What is the remainder when 13 is divided by g?
3
Let g be ((-43 - -3)/2)/(-4 - -3). Suppose -g - 4 = -2*y. Calculate the remainder when 21 is divided by y.
9
Let f(x) = x**2 + 9*x - 8. Suppose -42 = -0*g + 7*g. Let u be f(g). Let l = 34 + u. Calculate the remainder when 13 is divided by l.
5
Calculate the remainder when 273 is divided by 2*50/4 + -2.
20
Let b(p) = -2*p**3 - 6*p**2 - 5*p - 2. Let j(x) = -x**2 - 6*x + 10. Let w be j(-7). Suppose w*f = -2*f + 115. What is the remainder when f is divided by b(-3)?
10
Suppose -8*d + 11*d = 9. Suppose 32 + 18 = g + d*m, 4*g + m = 156. Calculate the remainder when g is divided by 20.
18
Let c(x) = x**2 + 6*x - 13. Suppose -4*s + 146 = 2*j, 4*j - j = -5*s + 183. What is the remainder when s is divided by c(3)?
8
Let q(o) = o**3 + 10*o**2 + 8*o - 2. Calculate the remainder when 3/3 + 24 + 1 is divided by q(-9).
5
Let a be (10/1)/(-5) - 19. Let t = a + 44. Calculate the remainder when 158 is divided by t.
20
Let m = 293 - 262. Suppose -o + 11 = 3. What is the remainder when m is divided by o?
7
Let o be 3/((-3)/(-29)) - (-1)/(-1). Let q = 48 - o. Let t(d) = -d + 1. Calculate the remainder when q is divided by t(-6).
6
Let a = -48 - -27. Let c = 10 + 129. Let v = c + a. What is the remainder when v is divided by 24?
22
Suppose 33*d + 5*w - 171 = 32*d, 0 = 2*d + w - 324. Calculate the remainder when d is divided by 24.
17
Let m(l) = -l**3 + 24*l**2 - 43*l - 5. Calculate the remainder when 252 is divided by m(22).
14
Let u = 8737 - 8724. Let b = -13 + 23. Calculate the remainder when b/(0 + 2/5) is divided by u.
12
Let q = -132 - -227. Wha